e
Is 27867587 a composite number?
True
Is 392671 composite?
True
Is 3997801 a composite number?
False
Is 1124639 composite?
False
Is 6633377 a prime number?
False
Is 71572859 a prime number?
True
Is 655119481 prime?
False
Is 54807817 a composite number?
False
Is 3852193 a prime number?
False
Is 30719311 a prime number?
False
Is 40757 a prime number?
False
Is 1106074 composite?
True
Is 71845913 prime?
True
Is 126955 a prime number?
False
Is 30218995 prime?
False
Is 7391599 a prime number?
True
Is 7582451 composite?
True
Is 70187893 a composite number?
False
Is 100737613 a prime number?
True
Is 618217 composite?
True
Is 5681687 a prime number?
False
Is 19976371 composite?
False
Is 8353747 a prime number?
True
Is 1118563 prime?
True
Is 1526149 a prime number?
True
Is 43608203 a prime number?
True
Is 17021831 prime?
True
Is 44159681 a composite number?
False
Is 3271901 a composite number?
True
Is 533317 composite?
False
Is 3206135 composite?
True
Is 190684705 composite?
True
Is 729059 a prime number?
True
Is 27242777 prime?
False
Is 712842121 composite?
False
Is 58902307 composite?
False
Is 23677621 composite?
True
Is 212495729 composite?
False
Is 392363 a prime number?
True
Is 11564719 prime?
True
Is 13159 prime?
True
Is 2007535 composite?
True
Is 15943791 a prime number?
False
Is 1886361 a prime number?
False
Is 59138293 composite?
True
Is 882103 a composite number?
False
Is 11064049 composite?
False
Is 259277089 a prime number?
True
Is 5639479 a composite number?
False
Is 88317803 a prime number?
False
Is 11499469 prime?
False
Is 826233971 a prime number?
False
Is 6182915 a composite number?
True
Is 6845717 prime?
True
Is 3519209 a prime number?
True
Is 30946593 prime?
False
Is 18091331 a prime number?
False
Is 10132539 a composite number?
True
Is 212546041 prime?
True
Is 3637273 a composite number?
False
Is 601104739 prime?
True
Is 4325201 composite?
False
Is 3005063 composite?
False
Is 1498301 a prime number?
False
Is 253091891 a composite number?
True
Is 17793637 a prime number?
False
Is 85749421 a prime number?
True
Is 3846331 prime?
True
Is 4076093 prime?
False
Is 9171073 prime?
False
Is 811138637 prime?
False
Is 21719497 prime?
False
Is 143471326 a composite number?
True
Is 7139971 a prime number?
True
Is 12356657 a composite number?
False
Is 1392757 a composite number?
True
Is 536051 prime?
True
Is 19137491 composite?
False
Is 5222573 a prime number?
True
Is 411821413 prime?
False
Is 279446173 a prime number?
True
Is 12964021 composite?
True
Is 379613 a prime number?
False
Is 2843557 prime?
True
Is 13007597 a prime number?
True
Is 106028477 composite?
True
Is 23667613 a prime number?
True
Is 17667578 a prime number?
False
Is 152177173 a prime number?
True
Is 68556641 a prime number?
True
Is 869903 composite?
True
Is 15523451 composite?
False
Is 16579921 composite?
False
Is 6098891 a prime number?
True
Is 4422853 composite?
False
Is 11027609 composite?
False
Is 2159609 a prime number?
True
Is 18175513 composite?
True
Is 9381347 composite?
True
Is 194186809 prime?
True
Is 5095991 prime?
True
Is 226851 a prime number?
False
Is 4228691 a composite number?
True
Is 39736391 a composite number?
True
Is 10781083 a prime number?
False
Is 39125623 a composite number?
True
Is 12174733 composite?
True
Is 96353987 a prime number?
True
Is 17935757 composite?
True
Is 3464779 a composite number?
False
Is 1352167 a prime number?
True
Is 8112287 composite?
True
Is 54471059 a composite number?
True
Is 935035583 prime?
False
Is 10820827 prime?
False
Is 2674787 a composite number?
True
Is 702446939 prime?
True
Is 16155101 prime?
False
Is 9702983 a prime number?
True
Is 137108065 a composite number?
True
Is 30618583 prime?
False
Is 24414281 a prime number?
True
Is 50953831 composite?
False
Is 66456163 prime?
False
Is 2136257 a prime number?
False
Is 1452613 composite?
False
Is 12243031 a composite number?
True
Is 161641547 a prime number?
True
Is 5842903 composite?
True
Is 30952711 a prime number?
False
Is 611691 a prime number?
False
Is 38299381 prime?
False
Is 7485379 composite?
True
Is 513428021 a composite number?
True
Is 7816118 composite?
True
Is 2751989 prime?
True
Is 3659109 a composite number?
True
Is 7004467 a composite number?
True
Is 31831627 a prime number?
False
Is 7703983 prime?
False
Is 279435311 a composite number?
False
Is 7902991 a composite number?
True
Is 5320859 a prime number?
False
Is 593403949 composite?
False
Is 77245307 a composite number?
True
Is 7534243 prime?
True
Is 3883811 composite?
False
Is 1641463 a composite number?
True
Is 27277801 a prime number?
True
Is 271430899 prime?
True
Is 305029 prime?
True
Is 882773 a prime number?
True
Is 3835363 a composite number?
True
Is 4256227 a prime number?
True
Is 907147 composite?
True
Is 336107557 composite?
False
Is 5232611 composite?
True
Is 343156249 a composite number?
False
Is 1162123 a prime number?
False
Is 3062677 composite?
False
Is 14327033 a composite number?
True
Is 12578303 composite?
False
Is 5597399 a composite number?
True
Is 8850329 prime?
True
Is 6325387 a composite number?
False
Is 8136665 a composite number?
True
Is 1492331 a prime number?
True
Is 360223 a composite number?
False
Is 396001939 composite?
False
Is 73577089 prime?
False
Is 3050363 a composite number?
False
Is 42571715 a composite number?
True
Is 91447 a prime number?
False
Is 145035754 prime?
False
Is 1991671 a composite number?
True
Is 4702351 a composite number?
True
Is 3594523 a composite number?
False
Is 1030349 prime?
True
Is 14487503 composite?
False
Is 4330699 a prime number?
False
Is 25497473 a composite number?
True
Is 413353 a prime number?
True
Is 1751901769 composite?
False
Is 65701189 a prime number?
True
Is 10464361 prime?
True
Is 64675253 composite?
False
Is 193932511 a composite number?
True
Is 24453503 a composite number?
False
Is 11620867 composite?
True
Is 453091433 a composite number?
True
Is 2291561 composite?
True
Is 4425341 composite?
True
Is 2137687 prime?
True
Is 1311296929 a composite number?
False
Is 173007031 prime?
True
Is 2469757 a composite number?
False
Is 26774969 composite?
True
Is 36742859 a composite number?
False
Is 19091643 composite?
True
Is 8710333 prime?
True
Is 8249687 a prime number?
True
Is 300764483 a prime number?
False
Is 21457939 a composite number?
False
Is 114003469 a prime number?
False
Is 139422245 prime?
False
Is 30019951 prime?
False
Is 57945235 a prime number?
False
Is 25706633 prime?
True
Is 223167187 prime?
True
Is 127256227 a composite number?
True
Is 148619573 prime?
True
Is 16172353 a composite number?
False
Is 5005489 a prime number?
True
Is 910801 prime?
False
Is 8995681 composite?
False
Is 7491007 a composite number?
False
Is 951654643 composite?
False
Is 3099867 composite?
True
Is 3396599 composite?
True
Is 10006933 a composite number?
False
Is 11392013 prime?
True
Is 7308383 composite?
True
Is 319010213 prime?
True
Is 16796161 a prime number?
True
Is 36119473 prime?
False
Is 4166723 a composite number?
True
Is 119285737 composite?
True
Is 213780803 composite?
True
Is 4356661 a composite number?
False
Is 403927 a prime number?
False
Is 310103533 composite?
False
Is 4412249 prime?
True
Is 24057274 prime?
False
Is 290203 a prime number?
False
Is 23725707 composite?
True
Is 33184537 composite?
False
Is 85862233 prime?
False
Is 15621191 a composite number?
True
Is 1516249 a prime number?
False
Is 17200621 a prime number?
True
Is 10342453 composite?
True
Is 13542913 composite?
True
Is 2774039 prime?
True
Is 5251539 a prime number?
False
Is 86405327 a composite number?
True
Is 6243331 a composite number?
True
Is 83012771 composite?
False
Is 44049251 prime?
True
Is 221245 composite?
True
Is 58893535 prime?
False
Is 161287573 composite?
False
Is 1350073 composite?
False
Is 363179257 a prime number?
False
Is 167101673 a composite number?
False
Is 27341891 a composite number?
False
Is 220489 a composite number?
True
Is 3495769 composite?
True
Is 67391407 a prime number?
False
Is 45649133 composite?
False
Is 473029 composite?
True
Is 2796701 composite?
False
Is 111039647 a composite number?
False
Is 36120531 a composite number?
True
Is 18912151 prime?
False
Is 51466159 prime?
False
Is 18855467 prime?
False
Is 27660209 a prime number?
True
Is 2848